n x is divided by k?
9
Suppose 5*q - 51 - 59 = 0. Suppose -2*g - 15 = -5*g. Suppose k + q = g*n, -5*k + 2*k = n + 2. Calculate the remainder when 6 is divided by n.
2
Let w = 373 - 267. Calculate the remainder when w is divided by 31.
13
Let z be 12/20 - (-668)/20. Let c = z - 21. Calculate the remainder when 36 is divided by c.
10
Calculate the remainder when (144/(-14))/(-5*6/560) is divided by 41.
28
Let x be (0 - 0) + (3 - 1). Suppose -x*g = -0*g - 20. Calculate the remainder when g is divided by 174/24 - 2/8.
3
What is the remainder when 158 is divided by 17 - (6/(-1) + 3)?
18
Suppose 0 = -3*p - 2*u + 15 + 251, -4*u = -16. What is the remainder when 1114 is divided by p?
82
Suppose 5*s = -3*a + 1041, 0 = 8*s - 5*s - a - 619. What is the remainder when s is divided by 30?
27
Suppose -14*z + 480 = 6*z. What is the remainder when z is divided by 4?
0
Let m(h) = -h - 6. Let u be m(-11). Let s be (3 - u)/(-1 + -1). Let g(f) = 25*f**3. Calculate the remainder when 73 is divided by g(s).
23
Suppose 340 = 24*l + 10*l. What is the remainder when 989 is divided by l?
9
Suppose j - 4*r + 176 = 5*j, -4*r = 5*j - 219. Suppose y + 0 = 5. Calculate the remainder when j is divided by y.
3
Suppose -5*l - 13 = -2*b, -4*l - 9 = 5*b - 8*b. Calculate the remainder when 58 + (-8)/12*-6 is divided by ((-6)/18)/(b/39).
10
Suppose 15 = -5*d, 30 = 2*n - 3*d + 5*d. What is the remainder when 914 is divided by n?
14
Let w = -863 - -1246. What is the remainder when w is divided by 35?
33
Suppose 10*n = 42 + 8. Suppose -3 - 192 = -n*s. What is the remainder when s is divided by 9?
3
Suppose 0 = -b - r + 34, 3*r - 5*r = -3*b + 77. Calculate the remainder when 64 is divided by b.
6
Let l be (1608/(-32) + (-1)/(-4))/(-2). Let v = -10 + l. What is the remainder when 66 is divided by v?
6
Let l = -33 - -45. Calculate the remainder when (-331)/(-6) + (-2)/l is divided by 14.
13
Let u(r) = -r**2 + 8*r + 10. Calculate the remainder when 101*(6 - 10)/(-4) is divided by u(7).
16
Let d = 28 + -21. Suppose -d*h - 15 = -344. Calculate the remainder when h is divided by 24.
23
Let n = -9 - 0. Let r be n/(-3)*17/1. Suppose 5*x + 3*d = 53, 5*x + 5*d = r + 4. What is the remainder when 37 is divided by x?
7
Let u = -10 + 12. Let b(z) = 3*z**2 + 2. Let d be b(u). Let g = d + -5. Calculate the remainder when 15 is divided by g.
6
Suppose -49374 = -56*n - 11406. What is the remainder when n is divided by 168?
6
Let j be (-52)/(-5)*(-4 - 1). Let v = -43 - j. What is the remainder when 33 is divided by v?
6
Let x = -900 + 2017. Calculate the remainder when x is divided by 86.
85
Let k be (-116)/(-8)*(-1 - -35). Let t = -700 + k. Let f = t + 295. What is the remainder when f is divided by 23?
19
Calculate the remainder when 317 is divided by (-128 - 2)*3/(-6).
57
Suppose -3*v - 527 = -20*v. What is the remainder when 57 is divided by v?
26
Suppose 17 = 3*l - 4*y, 2*l - 19 - 7 = -y. Suppose 0*f - 309 = 3*f. Let x = -60 - f. What is the remainder when x is divided by l?
10
Let c(t) = t - 6. Let x be c(2). Calculate the remainder when 55 is divided by ((-1)/x)/(4/464).
26
Suppose 376 + 378 = -13*k. Let g = 174 + k. What is the remainder when g is divided by 39?
38
Suppose -3*c = 2*u - 4, -4*c + 6 = 2*u + 2. Suppose -2*r = 4*x - x + 12, -r - 3*x - 6 = c. Calculate the remainder when 51 is divided by ((-27)/(-2))/(r/(-8)).
15
What is the remainder when 72 is divided by 9/27*3 + (-12)/(-3)?
2
Let n = 63 - 58. Suppose -s = 5*f - 45, 0 = -4*f + n*f - 4. Calculate the remainder when s is divided by 11.
3
Let j(u) = 805*u + 36. Let h(a) = -161*a - 7. Let g(d) = -11*h(d) - 2*j(d). Calculate the remainder when g(1) is divided by 21.
19
Suppose 0 = -2*p + 6*p - 2*f - 14, 0 = -2*p + 2*f + 10. Calculate the remainder when 8 is divided by (4/8)/(p/(-4))*-4.
0
Let j = -218 + 470. What is the remainder when j is divided by 17?
14
Let f = 36 - 34. Suppose f*q + q = -4*c + 113, -c + 37 = q. What is the remainder when q is divided by 13?
9
Let v(i) = -i**3 + 8*i**2 + 6*i + 1. Calculate the remainder when v(8) is divided by 22.
5
Suppose -m - m = 0. Suppose -4*p + 26 = 5*y, m*p = p - 2*y. Suppose 18*x - 105 = 3*x. Calculate the remainder when x is divided by p.
3
Let v = 339 + -200. Suppose 5*d - 3*x - v = 0, 4*x + 50 = 5*d - 3*d. What is the remainder when d is divided by ((-4)/(-6))/(3/45)?
9
Let m(u) = -4*u**2 + 18*u - 2. Let s = 0 - -11. Let z be m(s). Let c = -184 - z. What is the remainder when c is divided by 21?
20
Let g = 794 - 440. What is the remainder when g is divided by 71?
70
Let f be 24/10 - (-36)/60. Suppose 0 = f*c + 2*l - 7, 0*c + c + 5*l + 15 = 0. What is the remainder when 18 is divided by c?
3
Let h(s) = s**2 + 13*s + 45. Calculate the remainder when 49 is divided by h(-5).
4
Suppose 4*y = -17 + 5. Suppose -m = 2*m - 3*t - 78, -t = -4*m + 92. What is the remainder when m is divided by 0*y/6 + (-84)/(-7)?
10
Let v be (4/6)/(2/9). Suppose 2*q + 6 = 0, v*d - 2*d - 4*q - 48 = 0. What is the remainder when d is divided by (-171)/(-12) - 4 - 2/8?
6
Let g(c) = 4*c**3 + 2*c**2 - 3*c + 2. Calculate the remainder when 243 is divided by g(2).
27
Let l be (1440/(-12))/(1*(3 - 2)). What is the remainder when (308/3)/1 - 40/l is divided by 26?
25
Let c(x) = 44*x**3 + 2*x**2 - x. Calculate the remainder when c(1) is divided by 17 - -25*(-3)/15.
9
Let i be (-10 - 2)/((-3)/4). What is the remainder when 81 is divided by ((-24)/i)/(2/(-28))?
18
Suppose 0 = -2*a + 25 - 3. Let i(w) = -w**2 + 2*w + 1. Let q be i(1). What is the remainder when 6 is divided by -2 - ((q - a) + 3)?
2
Let u(t) = -21*t - 35 + 18*t**2 - t**3 - 26 + 8*t**2. What is the remainder when u(25) is divided by 11?
6
Let l(i) = 2*i**3 - 2*i**2 + 4*i + 249. Let o(m) = -m**3 + m**2 - 2*m - 125. Let g(j) = -4*l(j) - 9*o(j). Calculate the remainder when g(0) is divided by 12.
9
Suppose 0 = -5*s + 123 + 27. Calculate the remainder when 269 is divided by s.
29
Let v = -402 - -415. What is the remainder when 116 is divided by v?
12
Let b be 15*(-4)/40*-6. Let k = 5 - 3. Calculate the remainder when 26 is divided by 2/(k/b) + 0.
8
Let i(a) = -8*a + 37. What is the remainder when 238 is divided by i(-3)?
55
Suppose 5*v + 3*c = 677, 135*v - 3*c - 683 = 130*v. What is the remainder when v is divided by (-146)/(-4) - 1/2?
28
Let w = -2479 + 2654. Suppose 10 = h - 1. What is the remainder when w is divided by h?
10
Suppose 0 = -5*m - 23 + 28. Let s(b) = 13*b**2 + 2*b - 2. Calculate the remainder when 75 is divided by s(m).
10
Let x(g) = 3*g**2 + 4*g - 9. Let d be x(-6). Suppose 0 = -4*w - 2*f - 7 + d, -4*w - f = -66. Let h = -9 + 18. Calculate the remainder when w is divided by h.
7
Suppose 5*r - 5 - 3 = 4*n, r + 2 = 2*n. Suppose 54 = -n*a + 225. What is the remainder when a is divided by 12?
9
Suppose 31*g + 1872 = 39*g. What is the remainder when g is divided by 59?
57
Suppose 6*o + 266 = -70. Let i = 66 + o. Calculate the remainder when 17 is divided by i.
7
Let g(s) = 47*s + 58. Let l be g(15). Suppose 469 = 16*k - l. Calculate the remainder when k is divided by 8.
5
Suppose 0 = -2*q + 28 + 128. Suppose -4*m + q = -2. What is the remainder when m is divided by 7?
6
Let p = 58 + -56. What is the remainder when 24 is divided by p?
0
Let i = -119 - -47. Suppose k = 2*s + 12 + 100, -3*k + s + 321 = 0. Let y = i + k. Calculate the remainder when y is divided by 7.
6
Let q(g) = -g**3 + 17*g**2 - 16*g + 9. Let l be q(16). Suppose -5*x + l*d - 13*d = -130, -2*d = 0. What is the remainder when 77 is divided by x?
25
Let g(b) = -b + 185. Calculate the remainder when g(37) is divided by 38.
34
Suppose -3*j + 3*y + 29 = 2*j, 10 = 2*j - 2*y. Let i(x) = 6*x - 18. What is the remainder when -2 - 146*3/(-6) is divided by i(j)?
23
Let b(q) = 5*q**2 + 4*q - 3. What is the remainder when b(-4) is divided by ((-2)/(-4))/(1365/(-114) - -12)?
4
What is the remainder when (12/38)/3 + 4594/38 is divided by 55?
11
What is the remainder when -33 - -99 - (-4)/(-3)*3 is divided by 39?
23
Let f = -680 + 712. Calculate the remainder when 542 is divided by f.
30
Let m(h) = 14*h**2 - 7*h - 12. Calculate the remainder when 461 is divided by m(-2).
55
Let b = 15 - 13. Let m(y) = 3*y**2 + 3. Let l = -26 + 54. What is the remainder when l is divided by m(b)?
13
Let z = -330 - -332. 